98 - 5451 - 5*w - 19*w - 5451. Calculate u(-2).
44
Suppose 0 = 3*g - 3*d - 3, 8 = -5*d + 33. Suppose 12 = -g*o + 12*o. Let p(a) = -9*a - 2*a**3 + a**3 - 218 + 230 + 9*a**o. What is p(8)?
4
Let x(a) = -a**3 - 68*a**2 - 370*a + 126. Let g be x(-62). Let y(t) = 11*t - 11. Calculate y(g).
11
Let h(z) be the first derivative of z**3 + z**2/2 - 8*z - 592. Give h(-5).
62
Suppose -q = -b + 3*b - 26, -5*b + 83 = -2*q. Suppose -6*i + 3*i = -b. Let d be ((-7)/(-3) + 0/i)*3. Let o(s) = 2*s - 8. Give o(d).
6
Let x be 1 - 1/(2/(-22)). Suppose -2*c + x = -2*d, -10*d - 18 = -7*d - 2*c. Let n(p) = -p**2 - 7*p - 8. What is n(d)?
-2
Let o(v) = v**3 + v**2 + 2*v - 2. Let c be o(1). Let i(h) = -3*h - c*h + 19 - 21. Give i(1).
-7
Let m be -126*18*14/1512. Let c(h) = -h + 5. Calculate c(m).
26
Let j(k) = 5*k**3 + 12*k**2 + 8*k - 8. Let x(m) = -4*m**3 - 12*m**2 - 8*m + 10. Let v(n) = 3*j(n) + 4*x(n). What is v(-11)?
-17
Let u = -5 + 7. Let v(l) = -15895245 - 4*l**2 + l + 15895245. Calculate v(u).
-14
Let y = 876 - 880. Let m(f) = -f**3 - f**2 - 3*f + 5. Give m(y).
65
Let g(y) = y**3 - 11*y**2 + y - 9. Let t be g(11). Suppose -4*w + x - 22 = -x, w + 3*x + t = 0. Let q(z) = -151*z + 0 - 1 - 2 + 150*z. Calculate q(w).
2
Let o be (-174)/(-9)*(-9)/6. Let r = o - -34. Let j(m) = 0*m**2 + 1733 + m**3 - 1734 + 6*m - 6*m**2. Calculate j(r).
4
Let f(k) = 3*k**2 + k + 3*k**2 - 228850480 + 228850487. Calculate f(-2).
29
Let b(h) be the third derivative of -h**5/60 + 5*h**4/24 + 32*h**3/3 + 1719*h**2. Calculate b(0).
64
Suppose 0 = -4*q - 4*a - 12, -q + a - 12 = 3*q. Let p(g) = -g**3 - 5*g**2 - 7*g - 1. Let n be p(q). Let h(l) = -5 + 1 - 3*l - 3 + n. Give h(-4).
7
Let d(b) = 4*b**3 + 3*b**2 - 2*b - 4. Let m(z) = -z**2 - 3. Let f(u) = 5*u**3 - u - 16. Let r(o) = -f(o) + 3*m(o). Let n(s) = 4*d(s) + 3*r(s). Give n(-5).
-20
Let j(g) = -g**2 - 24*g - 135. Suppose -6*d = 4*z + 30, -4*z - 54*d = -52*d + 34. What is j(z)?
0
Let g(h) be the first derivative of -h - 3*h - 29*h**2 - 83 + 48*h**2 - 21*h**2. Give g(-5).
16
Let l(t) = 10279*t + 6*t**2 - 20548*t + 10275*t - 6. Give l(1).
6
Let v = 111 - 109. Let d(i) = 8*i**2 - 7*i**2 - 8*i**2 + 1 - i**2 + i**v. Give d(-1).
-6
Let b be 11 + -14*7/14. Let g(m) = -m**3 + 3*m**2 + 5*m + 4. Give g(b).
8
Let w(l) = l**2 - 13*l + 2. Let m(g) = 2*g**2 - 27*g + 1. Let h(p) = -4*m(p) + 9*w(p). Calculate h(5).
-6
Suppose z - 142 = -2*i, -z - 213 = -3*i + 2*z. Let y(t) = t**3 + 2*t + 75 + i - 4*t**2 - 148. Give y(3).
-5
Let h(u) = 4. Let c(g) = g**3 - 12*g**2 - g - 4. Let o(n) = -c(n) - 4*h(n). Suppose d = 4*s - 2 - 48, 2*d = -4. Calculate o(s).
0
Let j = -1 + 19. Let f = -16 + j. Let b(k) = -2*k + 631 - 7*k + f*k - 627. Give b(3).
-17
Let v be 14/4*(-192 - -190). Let i(s) = 2 + 6*s + 0 - 8*s - 1. Determine i(v).
15
Let j(s) = -12*s - 1440. Let q be j(-120). Let o(h) = -h**3 + 3*h**2 - 2*h - 11. What is o(q)?
-11
Let k(n) = 26*n**2 - 7*n - 72. Let c(j) = 9*j**2 - 11*j - 24. Let s(z) = -7*c(z) + 2*k(z). Determine s(6).
6
Let q(w) = w**2 + 10*w + 2. Let o be (-3)/5 + (-987)/105. Let g = o - -1. Determine q(g).
-7
Let u(v) be the third derivative of v**4/24 + v**3/2 - 2*v**2. Let y be (-9)/2*(-4)/6. Suppose -y = -40*i + 39*i. Determine u(i).
6
Suppose -2*c = z - 18, 0*c - c = -2*z - 14. Let g be (2/c)/(23/(-115)). Let h(d) = -9*d - 9. Let o(p) = 4*p + 5. Let k(m) = -6*h(m) - 11*o(m). Determine k(g).
-11
Let h = -1661 - -1662. Let i(m) = -10*m**3 + 3*m**2 - 6*m + 4. Calculate i(h).
-9
Let t(z) = -z + 24. Let b(a) = -a + 19. Let m(p) = -5*b(p) + 4*t(p). Suppose 0 = 4*w - 2*w - 5*k - 14, -2*w + 2*k = -20. Calculate m(w).
13
Let l = 15 - -15. Suppose -7*n + 637 = 420. Let q(c) = -l*c**2 + n*c**2 + 2 + 7*c + 1 + 1. Determine q(-5).
-6
Suppose 0*j + 124 = 4*j. Let w(i) = j - 10 + 973*i - i**2 - 987*i. Determine w(-16).
-11
Suppose -2*r - 6*g + 5*g + 20 = 0, -3*r - 4*g = -30. Suppose i = x - 6, -2*x + 14*i + 22 = r*i. Let n(t) = -8*t**2 + 1. Give n(x).
-7
Let h = -235/96 - -251/96. Let d(i) be the second derivative of 27*i + h*i**3 - i**2 + 0. Determine d(0).
-2
Suppose -240 = 2*g + 7953*f - 7948*f, -4*g - 440 = 5*f. Let z(t) = 2*t**2 + 6*t + 2. Let p be z(6). Let y = p + g. Let l(s) = -s**2 + 11*s - 9. Give l(y).
1
Let o(z) = 5*z**3 - 5*z**2 - 11*z - 23. Let c(v) = -2*v**3 + 2*v**2 + 5*v + 11. Let l(a) = -7*c(a) - 3*o(a). Let m be (0/5 + 0)*(-1)/2. What is l(m)?
-8
Let h(b) = -35*b + b**2 + 81*b - 564 - 667 + 472. Give h(13).
8
Let x(g) = -5*g - 24. Let c = -40 + 35. Let z(q) = 12*q + 48. Let p(h) = c*x(h) - 2*z(h). What is p(0)?
24
Let u(r) = 8*r**2 + 2248 + 2251 + 4*r**3 + 8*r - 5*r**3 + 2251 + 2245 - 8998. Suppose 2 + 25 = 3*k. Calculate u(k).
-12
Let z(p) be the third derivative of p**6/120 - p**5/10 + p**4/24 - 5*p**3/6 - p**2 - 792. Determine z(6).
1
Let s(q) = -q**3 + 8*q**2 + 2*q - 19. Let w(o) = 1. Let p(t) = s(t) + 6*w(t). Let i be p(8). Let x(g) = 14*g - 6*g - i - 7*g. Give x(6).
3
Let j(p) = 2 + 44*p - 229*p + 96*p + 90*p. Let w(y) = y**3 - y**2 - 2*y. Let o be w(-2). What is j(o)?
-6
Let p = -17 - -3. Let a(n) = -3*n**3 - 55*n**2 + 195*n + 90. Let b(h) = h**3 + 18*h**2 - 60*h - 28. Let k(u) = 4*a(u) + 13*b(u). Determine k(p).
-4
Suppose 969 = -5*q + 24*q. Suppose -41*b = -q*b + 160. Let v(o) = -o**3 + 17*o**2 - 16*o + 5. Calculate v(b).
5
Suppose -5 = -q - 1, 0 = -f - q + 2. Let x(c) = 6*c - 17 - 5*c - 10*c. Let n be x(f). Let m(r) = 6*r**3 + r**2 + r - 1. Determine m(n).
7
Let w(t) be the first derivative of t**3/3 - 11*t**2 + 67*t - 10592. Give w(17).
-18
Let r(m) = 2*m**2 - 15*m. Let k = -10996 - -11004. What is r(k)?
8
Let x(m) = -4*m - 36. Let u be x(-11). Suppose u*c = c + 28. Suppose -3*o + 17 = -c. Let i(f) = f - 9. Determine i(o).
-2
Let c(o) be the first derivative of 1/4*o**4 - o + 1/2*o**2 + 1/3*o**3 + 15. What is c(1)?
2
Let b(z) be the third derivative of z**7/1260 + 7*z**6/720 - 19*z**5/15 + 77*z**2. Let r(y) be the third derivative of b(y). Give r(-7).
-21
Let n(m) = m**3 - 7*m**2 + 11*m + 4. Let p = 11124 - 11118. Determine n(p).
34
Let v(q) = 3*q + 1. Suppose 3*p = 4*l + 245, 5*l = -0*p - 4*p + 275. Let w be (3/5 + (-15)/p)*180. Let g = -70 + w. Calculate v(g).
7
Suppose 982*y - 4751 = 3105. Let b(s) = 3*s**3 + 13*s**2 - 6*s + 3. Let f(o) = o**3 + o**2 + 1. Let p(c) = -b(c) + 4*f(c). What is p(y)?
-15
Let r = -150203/6 + 25034. Let p(n) be the second derivative of 0*n**2 - r*n**3 + 41*n + 0. Determine p(-2).
2
Let s(c) be the second derivative of -2*c**4/3 + 23*c**3/6 - 10*c**2 - 2500*c. Calculate s(1).
-5
Let a(u) be the second derivative of -u**3/3 - 19*u**2/2 + 78*u. Suppose -376 = 31*o + 27. Calculate a(o).
7
Let f(j) = -2242*j + 2266*j + 88 + j**2 + 48. Calculate f(-11).
-7
Let y(l) = -2492 + 5027 + l - 2524. Let z be (-142)/12 + 1/(-6). Give y(z).
-1
Let w be (3/(-15))/((-5)/150*3). Suppose -24 = 4*v + q, 0 = 3*v + w*q - 7*q + 41. Let m(r) = 3*r + 23. Calculate m(v).
2
Let y be ((-11)/(88/16))/(-4 + 2). Let n(w) = 126*w**3 + w**2 - 5*w + 3. Determine n(y).
125
Suppose -27*g - 110 = -37*g. Suppose -p - 3*f = g, 8*f = 6*f. Let v(d) = -d**3 - 11*d**2 + 3. Calculate v(p).
3
Let k(a) = 3*a**2 + 49*a - 41. Suppose 4*z = 37 + 31. Let s(o) = o**2 + 17*o - 14. Let j(w) = z*s(w) - 6*k(w). Give j(-6).
2
Suppose 3*o + 12 = 0, -5*b + 20 - 13 = 2*o. Let v(m) = -2. Let f(w) = 7*w - 8. Let x(r) = b*v(r) - f(r). Give x(-2).
16
Let n(t) = -216 + 49 - 5*t + 77 + 48. Calculate n(-10).
8
Let n(k) = -k - 6. Let q be n(5). Let b = 7 + q. Let t be (b/6)/((-10)/75). Let c(r) = -r**3 + 4*r**2 + 5*r - 7. Calculate c(t).
-7
Let k(h) = h**3 + 3*h**2 - 5*h + 3. Suppose -s + 2*s - 2*g + 2 = 0, s - 3*g + 3 = 0. Let z be (-1 - (24 + s))/((-32)/96). Let n = z - 79. Calculate k(n).
7
Let t(i) be the second derivative of i**4/24 + 2*i**3/3 + 219*i**2/2 - 78*i - 1. Let c(w) be the first derivative of t(w). Calculate c(-8).
-4
Let x(t) = -t**3 + 5*t**2 + 9*t - 13. Let d be x(6). Let u(c) be the third derivative of -c**6/120 + c**5/15 - c**3/2 - 27*c**2. What is u(d)?
-28
Let x(m) = m + 2. Suppose -l = -3*t + 36 - 10, 4*t - 8 = 0. Determine x(l).
-18
Suppose 306 = -19*x + 53*x. Let a be (14/(-105)*-5)/((-3)/x). Let q(i) = 5*i**2 + 3*i. Determine q(a).
14
Let c(n) = -5*n**2 - 2*n + 9. Suppose -300 - 377 = 113*y - 112. What is c(y)?
-106
Let z(a) = a**3 - 6*a**2 